{"id":8,"date":"2024-10-08T19:59:57","date_gmt":"2024-10-08T17:59:57","guid":{"rendered":"https:\/\/new.der-ochsen-hardheim.de\/index.php\/home\/"},"modified":"2026-04-04T16:09:38","modified_gmt":"2026-04-04T14:09:38","slug":"home","status":"publish","type":"page","link":"https:\/\/der-ochsen-hardheim.de\/","title":{"rendered":"Startseite"},"content":{"rendered":"\n<h1 class=\"wp-block-heading has-text-align-center\">Hotel &amp; Restaurant in Hardheim \u2013 Der Ochsen<\/h1>\n\n\n\n<div class=\"wp-block-columns is-layout-flex wp-container-core-columns-is-layout-28f84493 wp-block-columns-is-layout-flex\">\n<div class=\"wp-block-column is-layout-flow wp-block-column-is-layout-flow\">\n<div style=\"height:50px\" aria-hidden=\"true\" class=\"wp-block-spacer\"><\/div>\n<\/div>\n<\/div>\n\n\n\n<div class=\"wp-block-columns is-layout-flex wp-container-core-columns-is-layout-28f84493 wp-block-columns-is-layout-flex\">\n<div class=\"wp-block-column is-layout-flow wp-block-column-is-layout-flow\" style=\"flex-basis:100%\">\n\t<div class=\"slideshow_container slideshow_container_style-light\" data-slideshow-id=\"107\" data-style-name=\"style-light\" data-style-version=\"2.5.20\">\n\t\t<div class=\"slideshow_loading_icon\"><\/div>\n\t\t<div class=\"slideshow_content\">\n\t\t\t<div class=\"slideshow_view\">\n\t\t\t\t<div class=\"slideshow_slide slideshow_slide_image\">\n\t\t\t\t\t\t\t\t\t\t\t<img loading=\"lazy\" decoding=\"async\" src=\"https:\/\/der-ochsen-hardheim.de\/wp-content\/uploads\/2025\/01\/Ochsen-schwarz-weiss.jpg\" alt=\"Ochsen schwarz weiss\" width=\"674\" height=\"514\" \/>\n\t\t\t\t\t\t\t\t\t\t<div class=\"slideshow_description_box slideshow_transparent\">\n\t\t\t\t\t\t<div class=\"slideshow_title\">Ochsen schwarz weiss<\/div>\t\t\t\t\t\t\t\t\t\t\t<\/div>\n\t\t\t\t<\/div>\n\n\t\t\t\t\t\t\t\t\t<\/div>\n\t\t<\/div>\n\t\t<div class=\"slideshow_controlPanel slideshow_transparent\"><ul><li class=\"slideshow_togglePlay\" data-play-text=\"Play\" data-pause-text=\"Pause\"><\/li><\/ul><\/div>\n\t\t<div class=\"slideshow_button slideshow_previous slideshow_transparent\" role=\"button\" data-previous-text=\"Previous\"><\/div>\n\t\t<div class=\"slideshow_button slideshow_next slideshow_transparent\" role=\"button\" data-next-text=\"Next\"><\/div>\n\t\t<div class=\"slideshow_pagination\" data-go-to-text=\"Go to slide\"><div class=\"slideshow_pagination_center\"><\/div><\/div>\n\t<\/div>\n\n<\/div>\n<\/div>\n\n\n\n<div class=\"wp-block-columns is-layout-flex wp-container-core-columns-is-layout-28f84493 wp-block-columns-is-layout-flex\">\n<div class=\"wp-block-column is-layout-flow wp-block-column-is-layout-flow\">\n<div style=\"height:50px\" aria-hidden=\"true\" class=\"wp-block-spacer\"><\/div>\n<\/div>\n<\/div>\n\n\n\n<div class=\"wp-block-columns is-layout-flex wp-container-core-columns-is-layout-28f84493 wp-block-columns-is-layout-flex\">\n<div class=\"wp-block-column is-layout-flow wp-block-column-is-layout-flow\">\n<div class=\"wp-block-columns is-layout-flex wp-container-core-columns-is-layout-28f84493 wp-block-columns-is-layout-flex\">\n<div class=\"wp-block-column is-layout-flow wp-block-column-is-layout-flow\">\n<figure class=\"wp-block-pullquote has-accent-2-color has-text-color has-link-color has-large-font-size wp-elements-84d14717c353c2f274e290aac7f0399e\"><blockquote><p><mark style=\"background-color:rgba(0, 0, 0, 0)\" class=\"has-inline-color has-accent-2-color\">Sch\u00f6n, dass Ihr <\/mark>Alle<mark style=\"background-color:rgba(0, 0, 0, 0)\" class=\"has-inline-color has-accent-2-color\"> da sei<\/mark>d<\/p><cite>\u201eDenn nur wer Erlebnisse schafft, schafft auch Erinnerungen.<br>Und wer Erinnerungen schafft, schafft sich Stammg\u00e4ste.\u201c<br><em><sup>Thomas Schmidt<\/sup><\/em><\/cite><\/blockquote><\/figure>\n<\/div>\n<\/div>\n<\/div>\n<\/div>\n\n\n\n<div class=\"wp-block-group has-global-padding is-layout-constrained wp-block-group-is-layout-constrained\">\n<div class=\"wp-block-columns are-vertically-aligned-top is-layout-flex wp-container-core-columns-is-layout-28f84493 wp-block-columns-is-layout-flex\">\n<div class=\"wp-block-column is-vertically-aligned-top is-layout-flow wp-block-column-is-layout-flow\">\n<p class=\"has-text-align-center has-large-font-size\" style=\"margin-top:0;margin-bottom:0\"><em><mark style=\"background-color:rgba(0, 0, 0, 0)\" class=\"has-inline-color has-accent-2-color\">Neuigkeiten<\/mark><\/em><\/p>\n<\/div>\n<\/div>\n\n\n\n<div class=\"wp-block-columns are-vertically-aligned-top is-layout-flex wp-container-core-columns-is-layout-28f84493 wp-block-columns-is-layout-flex\">\n<div class=\"wp-block-column is-vertically-aligned-top is-layout-flow wp-container-core-column-is-layout-8a368f38 wp-block-column-is-layout-flow\"><ul style=\"font-style:italic;font-weight:300;\" class=\"wp-block-latest-posts__list has-dates wp-block-latest-posts has-medium-font-size\"><li><a class=\"wp-block-latest-posts__post-title\" href=\"https:\/\/der-ochsen-hardheim.de\/index.php\/2025\/01\/18\/winter-specials-are-coming-soon\/\">NEUIGKEITEN:<\/a><time datetime=\"2025-01-18T12:53:21+01:00\" class=\"wp-block-latest-posts__post-date\">18. Januar 2025<\/time><div class=\"wp-block-latest-posts__post-excerpt\">WICHTIG: Karfreitag 3.4.26 und Ostersamstag 4.4.26 GESCHLOSSEN. Wir w\u00fcnschen Euch sch\u00f6ne OSTERN!<\/div><\/li>\n<\/ul><\/div>\n<\/div>\n<\/div>\n\n\n\n<h2 class=\"wp-block-heading\">Restaurant in Hardheim \u2013 Regionale K\u00fcche<\/h2>\n\n\n\n<p>In unserem Restaurant in Hardheim genie\u00dfen Sie regionale K\u00fcche in gem\u00fctlicher Atmosph\u00e4re. Wir legen gro\u00dfen Wert auf frische Zutaten und hochwertige Produkte aus der Region. Unsere Speisekarte bietet eine Auswahl an saisonalen Gerichten, klassischen Spezialit\u00e4ten und hochwertigen Fleischgerichten wie unserem beliebten Rumsteak. Ob ein gem\u00fctliches Abendessen, ein Treffen mit Freunden oder eine Familienfeier \u2013 im Restaurant Ochsen in Hardheim sind Sie jederzeit herzlich willkommen.<\/p>\n\n\n\n<blockquote class=\"wp-block-quote is-style-default has-accent-2-background-color has-background has-large-font-size is-layout-flow wp-container-core-quote-is-layout-fed537da wp-block-quote-is-layout-flow\" style=\"margin-top:0;margin-right:var(--wp--preset--spacing--10);margin-bottom:0;margin-left:var(--wp--preset--spacing--10);padding-top:0;padding-right:var(--wp--preset--spacing--50);padding-bottom:0;padding-left:var(--wp--preset--spacing--50)\">\n<p class=\"has-text-align-center has-base-color has-text-color has-link-color has-body-font-family wp-elements-60d9ee0683fda5524748368602c95d8e\" style=\"font-style:normal;font-weight:300;text-decoration:underline\"><mark style=\"background-color:rgba(0, 0, 0, 0)\" class=\"has-inline-color has-accent-2-color\"><a href=\"https:\/\/der-ochsen-hardheim.de\/index.php\/restaurant-hardheim\/\">Zum Restaurant<\/a><\/mark><\/p>\n<\/blockquote>\n\n\n\n<p><\/p>\n\n\n\n<p><\/p>\n\n\n\n<p><\/p>\n\n\n\n<p><\/p>\n\n\n\n<p><\/p>\n\n\n\n<h2 class=\"wp-block-heading\">G\u00e4stezimmer in Hardheim \u2013 \u00dcbernachten im Ochsen<\/h2>\n\n\n\n<p>F\u00fcr G\u00e4ste, die l\u00e4nger bleiben m\u00f6chten, bieten wir komfortable G\u00e4stezimmer im Herzen von Hardheim. Unsere Zimmer sind modern ausgestattet und verf\u00fcgen \u00fcber WLAN, TV und ein eigenes Bad. Durch die zentrale Lage eignet sich unser Haus sowohl f\u00fcr Gesch\u00e4ftsreisende als auch f\u00fcr Urlauber, die die Region rund um den Neckar-Odenwald-Kreis erkunden m\u00f6chten. Parkpl\u00e4tze stehen direkt am Haus zur Verf\u00fcgung.<\/p>\n\n\n\n<blockquote class=\"wp-block-quote is-style-default has-accent-2-background-color has-background has-large-font-size is-layout-flow wp-container-core-quote-is-layout-fed537da wp-block-quote-is-layout-flow\" style=\"margin-top:0;margin-right:var(--wp--preset--spacing--10);margin-bottom:0;margin-left:var(--wp--preset--spacing--10);padding-top:0;padding-right:var(--wp--preset--spacing--50);padding-bottom:0;padding-left:var(--wp--preset--spacing--50)\">\n<p class=\"has-text-align-center has-base-color has-text-color has-link-color has-body-font-family wp-elements-072be609edf626ad05ab1f6b834ebd41\" style=\"font-style:normal;font-weight:300;text-decoration:underline\"><mark style=\"background-color:rgba(0, 0, 0, 0)\" class=\"has-inline-color has-accent-2-color\"><a href=\"https:\/\/der-ochsen-hardheim.de\/index.php\/hotel-hardheim\/\">Zum Hotel<\/a><\/mark><\/p>\n<\/blockquote>\n\n\n\n<p><\/p>\n\n\n\n<p><\/p>\n\n\n\n<h2 class=\"wp-block-heading\">Zimmer f\u00fcr Gesch\u00e4ftsreisende und Monteure<\/h2>\n\n\n\n<p>Unser Hotel ist auch eine ideale Unterkunft f\u00fcr Gesch\u00e4ftsreisende und Monteure, die in Hardheim oder der Umgebung arbeiten. Wir bieten ruhige Zimmer, kostenloses WLAN sowie Parkm\u00f6glichkeiten direkt am Haus. Durch unsere flexible und unkomplizierte Atmosph\u00e4re f\u00fchlen sich auch G\u00e4ste bei l\u00e4ngeren Aufenthalten wohl. Das Restaurant im Haus bietet zudem die M\u00f6glichkeit, den Tag mit einem guten Abendessen ausklingen zu lassen.<\/p>\n\n\n\n<p><\/p>\n\n\n\n<p><\/p>\n\n\n\n<p><\/p>\n\n\n\n<blockquote class=\"wp-block-quote is-style-default has-accent-2-background-color has-background has-large-font-size is-layout-flow wp-container-core-quote-is-layout-fed537da wp-block-quote-is-layout-flow\" style=\"margin-top:0;margin-right:var(--wp--preset--spacing--10);margin-bottom:0;margin-left:var(--wp--preset--spacing--10);padding-top:0;padding-right:var(--wp--preset--spacing--50);padding-bottom:0;padding-left:var(--wp--preset--spacing--50)\">\n<p class=\"has-text-align-center has-base-color has-text-color has-link-color has-body-font-family wp-elements-05b04d47eb32b360c09c55e40a4235c6\" style=\"font-style:normal;font-weight:300;text-decoration:underline\"><mark style=\"background-color:rgba(0, 0, 0, 0)\" class=\"has-inline-color has-accent-2-color\"><a href=\"https:\/\/der-ochsen-hardheim.de\/index.php\/monteurzimmer-hardheim\/\">Zu den Monteurzimmer<\/a><\/mark><\/p>\n<\/blockquote>\n\n\n\n<p><\/p>\n\n\n\n<p><\/p>\n\n\n\n<h2 class=\"wp-block-heading\">\u00dcbernachten im Odenwald \u2013 Natur und Ausflugsziele<\/h2>\n\n\n\n<p>Hardheim liegt im sch\u00f6nen Neckar-Odenwald-Kreis und ist ein idealer Ausgangspunkt f\u00fcr Ausfl\u00fcge in die Region. Ob Wanderungen durch den Odenwald, Fahrradtouren oder Besuche historischer St\u00e4dte \u2013 rund um Hardheim gibt es viele M\u00f6glichkeiten f\u00fcr Freizeit und Erholung. Unser Hotel bietet eine gem\u00fctliche Unterkunft f\u00fcr G\u00e4ste, die Natur, Kultur und regionale Gastronomie miteinander verbinden m\u00f6chten.<\/p>\n\n\n\n<blockquote class=\"wp-block-quote is-style-default has-accent-2-background-color has-background has-large-font-size is-layout-flow wp-container-core-quote-is-layout-fed537da wp-block-quote-is-layout-flow\" style=\"margin-top:0;margin-right:var(--wp--preset--spacing--10);margin-bottom:0;margin-left:var(--wp--preset--spacing--10);padding-top:0;padding-right:var(--wp--preset--spacing--50);padding-bottom:0;padding-left:var(--wp--preset--spacing--50)\">\n<p class=\"has-text-align-center has-base-color has-text-color has-link-color has-body-font-family wp-elements-a68a986ab0907eaf51278fec2791b59e\" style=\"font-style:normal;font-weight:300;text-decoration:underline\"><mark style=\"background-color:rgba(0, 0, 0, 0)\" class=\"has-inline-color has-accent-2-color\"><a href=\"https:\/\/der-ochsen-hardheim.de\/index.php\/hotel-odenwald\">Zum Odenwald<\/a><\/mark><\/p>\n<\/blockquote>\n\n\n\n<p><\/p>\n","protected":false},"excerpt":{"rendered":"<p>Hotel &amp; Restaurant in Hardheim \u2013 Der Ochsen Sch\u00f6n, dass Ihr Alle da seid \u201eDenn nur wer Erlebnisse schafft, schafft auch Erinnerungen.Und wer Erinnerungen schafft, schafft sich Stammg\u00e4ste.\u201cThomas Schmidt Neuigkeiten Restaurant in Hardheim \u2013 Regionale K\u00fcche In unserem Restaurant in Hardheim genie\u00dfen Sie regionale K\u00fcche in gem\u00fctlicher Atmosph\u00e4re. Wir legen gro\u00dfen Wert auf frische Zutaten [&hellip;]<\/p>\n","protected":false},"author":1,"featured_media":0,"parent":0,"menu_order":0,"comment_status":"closed","ping_status":"closed","template":"","meta":{"footnotes":""},"class_list":["post-8","page","type-page","status-publish","hentry"],"_links":{"self":[{"href":"https:\/\/der-ochsen-hardheim.de\/index.php\/wp-json\/wp\/v2\/pages\/8","targetHints":{"allow":["GET"]}}],"collection":[{"href":"https:\/\/der-ochsen-hardheim.de\/index.php\/wp-json\/wp\/v2\/pages"}],"about":[{"href":"https:\/\/der-ochsen-hardheim.de\/index.php\/wp-json\/wp\/v2\/types\/page"}],"author":[{"embeddable":true,"href":"https:\/\/der-ochsen-hardheim.de\/index.php\/wp-json\/wp\/v2\/users\/1"}],"replies":[{"embeddable":true,"href":"https:\/\/der-ochsen-hardheim.de\/index.php\/wp-json\/wp\/v2\/comments?post=8"}],"version-history":[{"count":52,"href":"https:\/\/der-ochsen-hardheim.de\/index.php\/wp-json\/wp\/v2\/pages\/8\/revisions"}],"predecessor-version":[{"id":526,"href":"https:\/\/der-ochsen-hardheim.de\/index.php\/wp-json\/wp\/v2\/pages\/8\/revisions\/526"}],"wp:attachment":[{"href":"https:\/\/der-ochsen-hardheim.de\/index.php\/wp-json\/wp\/v2\/media?parent=8"}],"curies":[{"name":"wp","href":"https:\/\/api.w.org\/{rel}","templated":true}]}}